{"id":1312,"date":"2020-12-18T09:24:47","date_gmt":"2020-12-18T12:24:47","guid":{"rendered":"http:\/\/new.secheep.com\/?page_id=1312"},"modified":"2024-03-19T10:19:30","modified_gmt":"2024-03-19T13:19:30","slug":"seguridad-6","status":"publish","type":"page","link":"https:\/\/www.secheep.gob.ar\/?page_id=1312","title":{"rendered":"SEGURIDAD"},"content":{"rendered":"<p>[et_pb_section fb_built=\u00bb1&#8243; fullwidth=\u00bbon\u00bb _builder_version=\u00bb4.24.2&#8243; _module_preset=\u00bbdefault\u00bb hover_enabled=\u00bb0&#8243; global_colors_info=\u00bb{%22gcid-aded7d43-92b8-43fb-a8ba-e840a5304eee%22:%91%22background_color%22%93}\u00bb background_color=\u00bbgcid-aded7d43-92b8-43fb-a8ba-e840a5304eee\u00bb sticky_enabled=\u00bb0&#8243;][et_pb_fullwidth_header title=\u00bbSEGURIDAD\u00bb _builder_version=\u00bb4.24.2&#8243; _module_preset=\u00bbdefault\u00bb background_enable_color=\u00bboff\u00bb hover_enabled=\u00bb0&#8243; global_colors_info=\u00bb{}\u00bb background_enable_image=\u00bboff\u00bb sticky_enabled=\u00bb0&#8243; title_font=\u00bbMontserrat|800|||||||\u00bb content_font=\u00bbMontserrat|300|||||||\u00bb]<\/p>\n<p>Lo que necesitas saber para moverte seguro cuando est\u00e9s en la v\u00eda p\u00fablica:<\/p>\n<p>[\/et_pb_fullwidth_header][\/et_pb_section][et_pb_section fb_built=\u00bb1&#8243; _builder_version=\u00bb4.16&#8243; _module_preset=\u00bbdefault\u00bb global_colors_info=\u00bb{}\u00bb][et_pb_row _builder_version=\u00bb4.16&#8243; _module_preset=\u00bbdefault\u00bb global_colors_info=\u00bb{}\u00bb][et_pb_column type=\u00bb4_4&#8243; _builder_version=\u00bb4.16&#8243; _module_preset=\u00bbdefault\u00bb global_colors_info=\u00bb{}\u00bb][et_pb_text _builder_version=\u00bb4.16&#8243; _module_preset=\u00bbdefault\u00bb global_colors_info=\u00bb{}\u00bb]<\/p>\n<ul>\n<li>Si ves un cable ca\u00eddo en la calle no te acerques, no lo toques y no dejes que otra persona lo haga.\u00a0<\/li>\n<li>Si notas que a la caja del medidor u otra caja o gabinete le falta la tapa o se encuentra abierta o rota, no la toques.\u00a0<\/li>\n<li>Si observ\u00e1s humo, vapor o fuego en instalaciones el\u00e9ctricas -tales como cajas de medidores, transformadores u otras instalaciones-, no te acerques ni intentes extinguirlos.\u00a0<\/li>\n<li>Si ves alg\u00fan poste ca\u00eddo, inclinado o quebrado, evita circular por la zona.\u00a0<\/li>\n<li>Si consideras que alguna estructura met\u00e1lica, pilar o pared est\u00e1 electrizada, no act\u00faes por tu cuenta y no te acerques.\u00a0<\/li>\n<li>Si observ\u00e1s \u00e1rboles cuyas ramas est\u00e9n apoyadas en las redes el\u00e9ctricas, no intentes podarlos.\u00a0<\/li>\n<li>Evit\u00e1 que los chicos trepen a los postes que sostienen la red el\u00e9ctrica (cables, transformadores, etc.) y remontar barriletes cerca de los cables el\u00e9ctricos.\u00a0<\/li>\n<li>En los trabajos que realizamos en la v\u00eda p\u00fablica, para preservar tu seguridad, cumpl\u00ed con las indicaciones de los carteles y respet\u00e1 los vallados que se colocan al realizar reparaciones tanto en aceras como en calzadas, no ingresando a las zonas de trabajo.\u00a0<\/li>\n<li>Energizar las rejas o los alambrados en tu propiedad es considerado un crimen y genera graves riesgos.<\/li>\n<\/ul>\n<p><strong>Ante una situaci\u00f3n de peligro no act\u00faes por tu cuenta, manten\u00e9 distancia y comunicate con nosotros.<\/strong><\/p>\n<p>[\/et_pb_text][\/et_pb_column][\/et_pb_row][\/et_pb_section]<\/p>\n","protected":false},"excerpt":{"rendered":"<p>Lo que necesitas saber para moverte seguro cuando est\u00e9s en la v\u00eda p\u00fablica: Si ves un cable ca\u00eddo en la calle no te acerques, no lo toques y no dejes que otra persona lo haga.\u00a0 Si notas que a la caja del medidor u otra caja o gabinete le falta la tapa o se encuentra [&hellip;]<\/p>\n","protected":false},"author":1,"featured_media":0,"parent":0,"menu_order":0,"comment_status":"closed","ping_status":"closed","template":"","meta":{"_et_pb_use_builder":"on","_et_pb_old_content":"","_et_gb_content_width":"","_joinchat":[]},"_links":{"self":[{"href":"https:\/\/www.secheep.gob.ar\/index.php?rest_route=\/wp\/v2\/pages\/1312"}],"collection":[{"href":"https:\/\/www.secheep.gob.ar\/index.php?rest_route=\/wp\/v2\/pages"}],"about":[{"href":"https:\/\/www.secheep.gob.ar\/index.php?rest_route=\/wp\/v2\/types\/page"}],"author":[{"embeddable":true,"href":"https:\/\/www.secheep.gob.ar\/index.php?rest_route=\/wp\/v2\/users\/1"}],"replies":[{"embeddable":true,"href":"https:\/\/www.secheep.gob.ar\/index.php?rest_route=%2Fwp%2Fv2%2Fcomments&post=1312"}],"version-history":[{"count":8,"href":"https:\/\/www.secheep.gob.ar\/index.php?rest_route=\/wp\/v2\/pages\/1312\/revisions"}],"predecessor-version":[{"id":6707,"href":"https:\/\/www.secheep.gob.ar\/index.php?rest_route=\/wp\/v2\/pages\/1312\/revisions\/6707"}],"wp:attachment":[{"href":"https:\/\/www.secheep.gob.ar\/index.php?rest_route=%2Fwp%2Fv2%2Fmedia&parent=1312"}],"curies":[{"name":"wp","href":"https:\/\/api.w.org\/{rel}","templated":true}]}}