{"id":1105,"date":"2020-12-02T08:55:02","date_gmt":"2020-12-02T11:55:02","guid":{"rendered":"http:\/\/new.secheep.com\/?page_id=1105"},"modified":"2025-10-03T08:36:53","modified_gmt":"2025-10-03T11:36:53","slug":"impresion-de-factura","status":"publish","type":"page","link":"https:\/\/www.secheep.gob.ar\/?page_id=1105","title":{"rendered":"IMPRESION DE FACTURA"},"content":{"rendered":"<p>[et_pb_section fb_built=\u00bb1&#8243; fullwidth=\u00bbon\u00bb _builder_version=\u00bb4.16&#8243; _module_preset=\u00bbdefault\u00bb da_disable_devices=\u00bboff|off|off\u00bb global_colors_info=\u00bb{}\u00bb da_is_popup=\u00bboff\u00bb da_exit_intent=\u00bboff\u00bb da_has_close=\u00bbon\u00bb da_alt_close=\u00bboff\u00bb da_dark_close=\u00bboff\u00bb da_not_modal=\u00bbon\u00bb da_is_singular=\u00bboff\u00bb da_with_loader=\u00bboff\u00bb da_has_shadow=\u00bbon\u00bb][et_pb_fullwidth_header title=\u00bbREIMPRESI\u00d3N DE FACTURA\u00bb _builder_version=\u00bb4.24.3&#8243; _module_preset=\u00bbdefault\u00bb title_font=\u00bbKanit|600|||||||\u00bb title_text_align=\u00bbleft\u00bb title_text_color=\u00bbgcid-6f769a1c-36da-4f9e-bb08-06ab65c53197&#8243; content_font=\u00bbMontserrat||||||||\u00bb content_text_color=\u00bb#FFFFFF\u00bb content_font_size=\u00bb18px\u00bb background_color=\u00bbgcid-aded7d43-92b8-43fb-a8ba-e840a5304eee\u00bb background_enable_image=\u00bboff\u00bb background_position=\u00bbtop_center\u00bb custom_padding=\u00bb55px||38px|||\u00bb global_colors_info=\u00bb{%22gcid-aded7d43-92b8-43fb-a8ba-e840a5304eee%22:%91%22background_color%22%93,%22gcid-6f769a1c-36da-4f9e-bb08-06ab65c53197%22:%91%22title_text_color%22%93}\u00bb]<\/p>\n<p><span>Ingres\u00e1 tu n\u00famero de cliente y suministro para acceder a tus facturas digitales.<\/span><\/p>\n<p>[\/et_pb_fullwidth_header][\/et_pb_section][et_pb_section fb_built=\u00bb1&#8243; _builder_version=\u00bb4.16&#8243; _module_preset=\u00bbdefault\u00bb custom_margin=\u00bb||-39px|||\u00bb custom_padding=\u00bb27px|||||\u00bb da_disable_devices=\u00bboff|off|off\u00bb global_colors_info=\u00bb{}\u00bb da_is_popup=\u00bboff\u00bb da_exit_intent=\u00bboff\u00bb da_has_close=\u00bbon\u00bb da_alt_close=\u00bboff\u00bb da_dark_close=\u00bboff\u00bb da_not_modal=\u00bbon\u00bb da_is_singular=\u00bboff\u00bb da_with_loader=\u00bboff\u00bb da_has_shadow=\u00bbon\u00bb][et_pb_row column_structure=\u00bb1_4,1_4,1_4,1_4&#8243; disabled_on=\u00bbon|on|on\u00bb _builder_version=\u00bb4.24.3&#8243; _module_preset=\u00bbdefault\u00bb disabled=\u00bbon\u00bb global_colors_info=\u00bb{}\u00bb][et_pb_column type=\u00bb1_4&#8243; _builder_version=\u00bb4.24.2&#8243; _module_preset=\u00bbdefault\u00bb global_colors_info=\u00bb{}\u00bb][et_pb_blurb title=\u00bbCon mercadopago\u00bb image=\u00bbhttps:\/\/www.secheep.gob.ar\/wp-content\/uploads\/2024\/03\/a8d1e2ded2b3264ec618c059af0c0b70.png\u00bb _builder_version=\u00bb4.24.2&#8243; _module_preset=\u00bbdefault\u00bb header_font=\u00bbMontserrat|700||on|||||\u00bb header_text_align=\u00bbcenter\u00bb header_text_color=\u00bbgcid-e14688d5-569f-4def-a2cf-35a9d6ac49bd\u00bb body_font=\u00bbMontserrat|300|||||||\u00bb body_text_align=\u00bbcenter\u00bb body_text_color=\u00bbgcid-b4b07309-b5ec-4404-8268-a06e6b4e4ed6&#8243; global_colors_info=\u00bb{%22gcid-e14688d5-569f-4def-a2cf-35a9d6ac49bd%22:%91%22header_text_color%22%93,%22gcid-b4b07309-b5ec-4404-8268-a06e6b4e4ed6%22:%91%22body_text_color%22%93}\u00bb]<\/p>\n<p>s\u00f3lo con tarjeta de d\u00e9bito escaneando la factura<\/p>\n<p>[\/et_pb_blurb][\/et_pb_column][et_pb_column type=\u00bb1_4&#8243; _builder_version=\u00bb4.24.2&#8243; _module_preset=\u00bbdefault\u00bb global_colors_info=\u00bb{}\u00bb][et_pb_blurb title=\u00bbHomebanking\u00bb image=\u00bbhttps:\/\/www.secheep.gob.ar\/wp-content\/uploads\/2024\/03\/link.png\u00bb _builder_version=\u00bb4.24.2&#8243; _module_preset=\u00bbdefault\u00bb header_font=\u00bbMontserrat|700||on|||||\u00bb header_text_align=\u00bbcenter\u00bb header_text_color=\u00bbgcid-e14688d5-569f-4def-a2cf-35a9d6ac49bd\u00bb body_font=\u00bbMontserrat|300|||||||\u00bb body_text_align=\u00bbcenter\u00bb body_text_color=\u00bbgcid-b4b07309-b5ec-4404-8268-a06e6b4e4ed6&#8243; global_colors_info=\u00bb{%22gcid-e14688d5-569f-4def-a2cf-35a9d6ac49bd%22:%91%22header_text_color%22%93,%22gcid-b4b07309-b5ec-4404-8268-a06e6b4e4ed6%22:%91%22body_text_color%22%93}\u00bb]<\/p>\n<p>las 24hs. del d\u00eda<\/p>\n<p>[\/et_pb_blurb][\/et_pb_column][et_pb_column type=\u00bb1_4&#8243; _builder_version=\u00bb4.24.2&#8243; _module_preset=\u00bbdefault\u00bb global_colors_info=\u00bb{}\u00bb][et_pb_blurb title=\u00bbHomebanking\u00bb image=\u00bbhttps:\/\/www.secheep.gob.ar\/wp-content\/uploads\/2024\/03\/pagoMisCuentasCircular.png\u00bb _builder_version=\u00bb4.24.2&#8243; _module_preset=\u00bbdefault\u00bb header_font=\u00bbMontserrat|700||on|||||\u00bb header_text_align=\u00bbcenter\u00bb header_text_color=\u00bbgcid-e14688d5-569f-4def-a2cf-35a9d6ac49bd\u00bb body_font=\u00bbMontserrat|300|||||||\u00bb body_text_align=\u00bbcenter\u00bb body_text_color=\u00bbgcid-b4b07309-b5ec-4404-8268-a06e6b4e4ed6&#8243; global_colors_info=\u00bb{%22gcid-e14688d5-569f-4def-a2cf-35a9d6ac49bd%22:%91%22header_text_color%22%93,%22gcid-b4b07309-b5ec-4404-8268-a06e6b4e4ed6%22:%91%22body_text_color%22%93}\u00bb]<\/p>\n<p>las 24hs. del d\u00eda<\/p>\n<p>[\/et_pb_blurb][\/et_pb_column][et_pb_column type=\u00bb1_4&#8243; _builder_version=\u00bb4.24.2&#8243; _module_preset=\u00bbdefault\u00bb global_colors_info=\u00bb{}\u00bb][et_pb_blurb title=\u00bbEn las oficinas de Secheep\u00bb image=\u00bbhttps:\/\/www.secheep.gob.ar\/wp-content\/uploads\/2024\/03\/Group-33.png\u00bb _builder_version=\u00bb4.24.2&#8243; _module_preset=\u00bbdefault\u00bb header_font=\u00bbMontserrat|700||on|||||\u00bb header_text_align=\u00bbcenter\u00bb header_text_color=\u00bbgcid-e14688d5-569f-4def-a2cf-35a9d6ac49bd\u00bb body_font=\u00bbMontserrat|300|||||||\u00bb body_text_align=\u00bbcenter\u00bb body_text_color=\u00bbgcid-b4b07309-b5ec-4404-8268-a06e6b4e4ed6&#8243; global_colors_info=\u00bb{%22gcid-e14688d5-569f-4def-a2cf-35a9d6ac49bd%22:%91%22header_text_color%22%93,%22gcid-b4b07309-b5ec-4404-8268-a06e6b4e4ed6%22:%91%22body_text_color%22%93}\u00bb][\/et_pb_blurb][\/et_pb_column][\/et_pb_row][\/et_pb_section][et_pb_section fb_built=\u00bb1&#8243; _builder_version=\u00bb4.16&#8243; _module_preset=\u00bbdefault\u00bb custom_padding=\u00bb0px|||||\u00bb top_divider_color=\u00bb#1268b3&#8243; top_divider_height=\u00bb50px\u00bb bottom_divider_color=\u00bb#1268b3&#8243; bottom_divider_height=\u00bb50px\u00bb bottom_divider_flip=\u00bbhorizontal\u00bb da_disable_devices=\u00bboff|off|off\u00bb global_colors_info=\u00bb{}\u00bb da_is_popup=\u00bboff\u00bb da_exit_intent=\u00bboff\u00bb da_has_close=\u00bbon\u00bb da_alt_close=\u00bboff\u00bb da_dark_close=\u00bboff\u00bb da_not_modal=\u00bbon\u00bb da_is_singular=\u00bboff\u00bb da_with_loader=\u00bboff\u00bb da_has_shadow=\u00bbon\u00bb][et_pb_row _builder_version=\u00bb4.16&#8243; _module_preset=\u00bbdefault\u00bb custom_margin=\u00bb25px|||auto|false|false\u00bb custom_padding=\u00bb22px|20px||20px|false|false\u00bb border_radii=\u00bbon|25px|25px|25px|25px\u00bb border_width_all=\u00bb1px\u00bb border_color_all=\u00bb#d6d6d6&#8243; box_shadow_style=\u00bbpreset3&#8243; global_colors_info=\u00bb{}\u00bb][et_pb_column type=\u00bb4_4&#8243; _builder_version=\u00bb4.16&#8243; _module_preset=\u00bbdefault\u00bb global_colors_info=\u00bb{}\u00bb][et_pb_code _builder_version=\u00bb4.27.2&#8243; _module_preset=\u00bbdefault\u00bb min_height=\u00bb724px\u00bb custom_margin=\u00bb-20px|||||\u00bb custom_padding=\u00bb25px|||||\u00bb hover_enabled=\u00bb0&#8243; global_colors_info=\u00bb{}\u00bb sticky_enabled=\u00bb0&#8243;]<iframe loading=\"lazy\" src=\"http:\/\/te.secheep.com\/middleware\/ConsultaFacturas.aspx\" height=\"900\" width=\"1920\"><\/iframe>[\/et_pb_code][\/et_pb_column][\/et_pb_row][\/et_pb_section]<\/p>\n","protected":false},"excerpt":{"rendered":"<p>Ingres\u00e1 tu n\u00famero de cliente y suministro para acceder a tus facturas digitales.s\u00f3lo con tarjeta de d\u00e9bito escaneando la facturalas 24hs. del d\u00edalas 24hs. del d\u00eda<\/p>\n","protected":false},"author":1,"featured_media":0,"parent":0,"menu_order":0,"comment_status":"closed","ping_status":"closed","template":"","meta":{"_et_pb_use_builder":"on","_et_pb_old_content":"","_et_gb_content_width":"","_joinchat":[]},"_links":{"self":[{"href":"https:\/\/www.secheep.gob.ar\/index.php?rest_route=\/wp\/v2\/pages\/1105"}],"collection":[{"href":"https:\/\/www.secheep.gob.ar\/index.php?rest_route=\/wp\/v2\/pages"}],"about":[{"href":"https:\/\/www.secheep.gob.ar\/index.php?rest_route=\/wp\/v2\/types\/page"}],"author":[{"embeddable":true,"href":"https:\/\/www.secheep.gob.ar\/index.php?rest_route=\/wp\/v2\/users\/1"}],"replies":[{"embeddable":true,"href":"https:\/\/www.secheep.gob.ar\/index.php?rest_route=%2Fwp%2Fv2%2Fcomments&post=1105"}],"version-history":[{"count":34,"href":"https:\/\/www.secheep.gob.ar\/index.php?rest_route=\/wp\/v2\/pages\/1105\/revisions"}],"predecessor-version":[{"id":8902,"href":"https:\/\/www.secheep.gob.ar\/index.php?rest_route=\/wp\/v2\/pages\/1105\/revisions\/8902"}],"wp:attachment":[{"href":"https:\/\/www.secheep.gob.ar\/index.php?rest_route=%2Fwp%2Fv2%2Fmedia&parent=1105"}],"curies":[{"name":"wp","href":"https:\/\/api.w.org\/{rel}","templated":true}]}}